 What is the remainder when 7 is divided by n?
1
What is the remainder when (-1)/(-5) - (-1140)/50 is divided by 8?
7
Suppose 0*a + 2*a + 40 = 2*y, -2*a = -5*y + 85. What is the remainder when y is divided by 8?
7
Let s be 6*(6/(-4) - -1). Let k be (-2)/((s - -1) + 0). What is the remainder when 10 is divided by (k + -22)/(-3) + -1?
4
Let k(z) = -11*z + 41. Calculate the remainder when k(-6) is divided by 37.
33
Suppose -b = -0*b. Suppose b = -4*h - 93 + 329. Let a = 61 + -41. Calculate the remainder when h is divided by a.
19
Suppose -3*k + z = -25 - 20, 3*z - 30 = -2*k. Calculate the remainder when 44 is divided by k.
14
Suppose -3*j + 2*y + 11 = -0*j, -3*y - 9 = -3*j. Let r = 184 + -170. Calculate the remainder when r is divided by j.
4
Suppose 0*i = -2*i + 10. What is the remainder when 15 is divided by i/(-15) + (-25)/(-3)?
7
Let a(w) = w - 1. Suppose -5*l + 9 = -6. Suppose u + 0*u = l*n - 1, -28 = -4*u + 4*n. Calculate the remainder when a(u) is divided by 4.
2
Let y(m) = -2*m + 16. What is the remainder when y(-6) is divided by 15?
13
Let y be 5 + (-2)/(-3)*-3. Let i = 11 + y. Calculate the remainder when i is divided by 1/2 + (-9)/(-2).
4
Suppose -3*b = 2*b + 2*k - 41, 3*b - 15 = 2*k. Calculate the remainder when 17 is divided by b.
3
Suppose -400 = k - 3*k. Let b = k + -121. Suppose -2*h + b = -3*u, -5*u + 210 = 3*h + 2*h. What is the remainder when h is divided by 14?
13
Let z = -42 - -63. Let m = 0 + 3. Suppose m*v = v + 22. Calculate the remainder when z is divided by v.
10
Let q = -4 + 8. What is the remainder when 15 is divided by q?
3
Suppose -7*g + 2*g - 5 = 0, -141 = -5*m - 4*g. Calculate the remainder when 57 is divided by m.
28
Let x(q) = q + 7. Let a be x(5). Suppose 3*s - 93 - a = 0. Let z = 2 - -10. What is the remainder when s is divided by z?
11
Let x(r) be the third derivative of r**5/30 + 7*r**4/24 - r**2. Let j = 8 - 0. Calculate the remainder when x(-5) is divided by j.
7
Suppose 0 = -2*f + 21 - 5. Suppose 5*u - 297 = -3*h - 0*h, f = 2*h. What is the remainder when u is divided by 15?
12
Suppose g - 32 = -3*g - 4*r, 2*r - 12 = -g. Suppose -g*x + 380 - 16 = 0. Calculate the remainder when x is divided by 23.
22
Let t = -6 + 17. What is the remainder when 30 is divided by t?
8
Let c = -16 + 24. Let t = 0 - 0. Suppose t = -f + 2*r + 11, -5*f - 4*r + 5 = -c. Calculate the remainder when 14 is divided by f.
4
Let w(o) = -3*o**2 + 5*o + 8. Let y(a) = -6*a**2 + 9*a + 15. Let l(x) = 11*w(x) - 6*y(x). What is the remainder when 29 is divided by l(-2)?
5
Let f = 41 - 22. Suppose 23 = -4*d - 1. What is the remainder when 1/(-2) + (-339)/d is divided by f?
18
Suppose -3*v = -6*v. Suppose n + v = 8. What is the remainder when 13 is divided by n?
5
What is the remainder when ((-24)/40)/(2/(-230)) is divided by 24?
21
Suppose -150 = -3*j + 3*i + 120, 2*j - 172 = 4*i. What is the remainder when j is divided by 16?
14
Let z(j) = 22*j**3 - j**2. Let n(r) = r**3 - 10*r**2 - 6*r + 6. What is the remainder when n(11) is divided by z(1)?
19
Let s = -16 + 20. Let i = 7 - -4. What is the remainder when i is divided by s?
3
What is the remainder when 38*(-2)/4*-3 is divided by 10?
7
Suppose 0 = -3*u + 4*n + 46, 3*n - 6 = -u + 18. Calculate the remainder when 68 is divided by u.
14
Suppose 3*k = 5*g + 16, k - 5*g - 9 = -k. What is the remainder when 194/8 + 6/8 is divided by k?
4
Let r = -108 + 124. Calculate the remainder when r is divided by 3.
1
Let i be 2 + 0 + (-9)/3. Let q(f) = -3*f + 1. Let w be q(i). Suppose -w*z - 34 + 114 = 0. Calculate the remainder when z is divided by 11.
9
Let s = -12 + 14. Suppose s*r + 3*v - 6 = 0, 13 = 3*r - v - 7. What is the remainder when 10 is divided by r?
4
Let f = 52 - -9. What is the remainder when f is divided by 16?
13
Suppose 2 + 6 = -4*r. Let n = r + 9. Let l = n - -2. What is the remainder when 17 is divided by l?
8
Let n = 604 + -586. Suppose 0 = j - o + 11 - 85, 0 = j - 3*o - 82. Calculate the remainder when j is divided by n.
16
Calculate the remainder when 66 is divided by 420/24 - (-2)/(-4).
15
Let p(v) = 11*v + 3. What is the remainder when p(4) is divided by 25?
22
Let n = -24 + 36. Let h(y) = 4*y**2 - 5*y. Calculate the remainder when h(3) is divided by n.
9
Let o = 1 + 18. Suppose -17 = -5*x - 2, -4*x + 287 = 5*i. Calculate the remainder when i is divided by o.
17
Suppose -3*k + 4 = -2. Suppose 4*p = -2*f + 10, -k*p + 0 = -3*f - 17. Suppose -z - 2 = -5. What is the remainder when p is divided by z?
1
Let k = -8 - -10. Let b = k - -1. What is the remainder when 8 is divided by b?
2
Let k(r) = -8*r - 11. What is the remainder when k(-6) is divided by 8?
5
Let n(d) = 0*d**3 - 5*d - d**3 + 3 + 5*d**2 + 3. Let c be n(4). Let s(k) = 3*k**3 - 3*k**2 + k + 2. What is the remainder when s(c) is divided by 6?
4
Let y = 37 + -26. Suppose a = 5*j - a - 426, -4*a - 12 = 0. Suppose t = 5*t, 4*s = 3*t + j. Calculate the remainder when s is divided by y.
10
Let v = 39 - 19. Calculate the remainder when 58 is divided by v.
18
Suppose -2*w = -4*t + 14, 0 - 2 = -t + w. Let c = t - 0. Suppose 0 = -3*b - 0*b + 27. What is the remainder when b is divided by c?
4
Suppose -2*a + 86 = -0*a - 4*w, -a - 4*w = -49. What is the remainder when a is divided by 12?
9
Let y(w) = w**3 + 6*w**2 - 2*w - 5. What is the remainder when 26 is divided by y(-6)?
5
Let i = 10 - -3. What is the remainder when 23 is divided by i?
10
Suppose 2*w - 3*h = 19, 2*w + 2*h + 16 = 4*w. What is the remainder when 43 is divided by w?
3
Let k = 26 + -11. Calculate the remainder when ((-252)/(-45))/(1/5) is divided by k.
13
Let v(x) = 4*x**3 + x**2 + x - 1. Let d be v(1). Let s be (-4)/10 - (-67)/d. Let q = s + -3. Calculate the remainder when 19 is divided by q.
9
Suppose 3*l - 2*l - 33 = 0. Calculate the remainder when l is divided by 9.
6
Let f(o) be the first derivative of -o**3/3 + 7*o**2/2 + 3*o - 4. Let c be f(7). Suppose -c*b = -180 - 51. What is the remainder when b is divided by 20?
17
Let w = -13 - -7. Calculate the remainder when -18*5/(45/w) is divided by 7.
5
Suppose 2*t + t = 66. What is the remainder when 65 is divided by t?
21
Suppose 5*b = 3*u - 121, -5*b + 255 = 3*u + 2*u. Suppose 5*i + 3*p = u, -i + 0*p + 5*p + 15 = 0. What is the remainder when 39 is divided by i?
9
Suppose -3*y = -0*y - 33. Let s(m) = 3*m - 1. Let f be s(2). Suppose -f*b - 2*a + 98 = 0, 0*a = b - 3*a - 23. What is the remainder when b is divided by y?
9
Calculate the remainder when 106 is divided by 9*12/(-16)*-4.
25
Let h(p) = -5*p**3 - p**2 + 4*p + 1. Suppose 8*s + 3 = 7*s. Calculate the remainder when h(s) is divided by 29.
28
Let k = 93 - 66. What is the remainder when 53 is divided by k?
26
Suppose -442 = -4*n + 122. What is the remainder when n is divided by 29?
25
Suppose 0*j = 3*j. Suppose j = -4*k - k, 2*k + 90 = 5*v. Suppose 0 = 5*f + c - 264, -2*c - c = 3. What is the remainder when f is divided by v?
17
Suppose -2*c - 308 = -6*c. Calculate the remainder when c is divided by 3/12 - (-237)/12.
17
Suppose 45 + 265 = 5*r. Calculate the remainder when r is divided by 32.
30
Calculate the remainder when 39 is divided by 15/2 + 2/(-4).
4
Let z be (-1 - 0) + -5 + 8. What is the remainder when 44 is divided by 51/z + 21/(-14)?
20
Let k = -1 - -11. What is the remainder when 10 is divided by 18/k*(-20)/(-6)?
4
Suppose 2*v - 175 = -3*v - 3*g, 0 = -g - 5. Let w = -22 + v. What is the remainder when 61 is divided by w?
13
Suppose 5*a + d + 5 = 42, -2*a + 4 = -5*d. Let t(c) = -3*c + 56. What is the remainder when a is divided by t(17)?
2
Suppose -4*u + o = -9 - 2, 0 = -u + 2*o + 8. Let q be (3 - -2)*(-8)/(-5). Let g = 12 - q. Calculate the remainder when g is divided by u.
0
Suppose -3*j + 2*j + 8 = 0. Suppose 5 = -5*o + 2*l - 7*l, -2*o + 3*l = -18. Calculate the remainder when j is divided by o.
2
Suppose 63 = 2*k - 35. Suppose -8*p + 13*p = 50. What is the remainder when k is divided by p?
9
Suppose 0*v + 129 = 5*b + 2*v, -96 = -3*b + 5*v. Calculate the remainder when b is divided by 6 + 2 + -4 + 3.
6
Let a(y) = -y**2 - 13*y + 19. Let t(x) = -x**3 + 1. What is the remainder when a(-14) is divided by t(-1)?
1
Calculate the remainder when 68 is divided by ((-9)/4)/(5/(-40)).
14
Suppose -5*m = -z + 32, -3*z + 62 = -4*m - 23. What is the remainder when 